t is -320 - 5?
-325
In base 8, what is -10 + -131?
-141
In base 10, what is -3 + 71?
68
In base 13, what is -70 + -1?
-71
In base 13, what is b3 + 3?
b6
In base 2, what is -1010 + -11110?
-101000
In base 4, what is 2200 - 10?
2130
In base 10, what is 37 - -6?
43
In base 12, what is 5 + -684?
-67b
In base 5, what is 133102 + 0?
133102
In base 13, what is ca - -5?
102
In base 7, what is -15033 - -3?
-15030
In base 11, what is 6 + 25?
30
In base 5, what is -11 + 214?
203
In base 6, what is 32 - 114?
-42
In base 12, what is -16 - -106?
b0
In base 7, what is -3 + -2255?
-2261
In base 5, what is 301 - 11?
240
In base 12, what is -2564 + 5?
-255b
In base 12, what is -2384 + 5?
-237b
In base 10, what is 402 + 4?
406
In base 5, what is 14243 - 2?
14241
In base 16, what is -4 - -50?
4c
In base 7, what is 0 + -341?
-341
In base 12, what is -4 + -7b?
-83
In base 10, what is -11 - 6?
-17
In base 16, what is 16b + -2?
169
In base 11, what is 77 - -1?
78
In base 10, what is -1 + 5?
4
In base 8, what is 75 - -1?
76
In base 8, what is -331 + 30?
-301
In base 4, what is 1011330 - 0?
1011330
In base 13, what is -5 + -26?
-2b
In base 11, what is 1 - -12?
13
In base 12, what is 17 + 120?
137
In base 13, what is 71 + 174?
215
In base 14, what is -5 + -1760?
-1765
In base 12, what is -2 + 18?
16
In base 10, what is 3 + -64?
-61
In base 4, what is -1302 + 10?
-1232
In base 12, what is 3 - -2672?
2675
In base 2, what is 10011001 - 1?
10011000
In base 9, what is 3 - 170?
-166
In base 2, what is -111 + -101111?
-110110
In base 6, what is -104 + -511?
-1015
In base 13, what is -5 + -21b?
-223
In base 7, what is -1 + 315?
314
In base 6, what is -35 - 11413?
-11452
In base 13, what is 3 + -21c?
-219
In base 2, what is 1100110001101 + 10?
1100110001111
In base 3, what is -1100110212 + -12?
-1100111001
In base 5, what is -1 - 12342?
-12343
In base 14, what is -a + -4?
-10
In base 14, what is -30 - -2?
-2c
In base 5, what is 1 - -20233?
20234
In base 10, what is -10 + -891?
-901
In base 2, what is 100 - -1001?
1101
In base 5, what is 2 + 1001?
1003
In base 6, what is -355 - -30?
-325
In base 3, what is -122 + -2222?
-10121
In base 3, what is -20 - -21122?
21102
In base 3, what is 2101 - 10?
2021
In base 12, what is 3 - 37?
-34
In base 12, what is -1a - 0?
-1a
In base 12, what is -118 + -1?
-119
In base 8, what is 4 + -1014?
-1010
In base 8, what is 1 - -160?
161
In base 11, what is -1616 + 2?
-1614
In base 7, what is -26 + 24?
-2
In base 15, what is -2 - -b7?
b5
In base 3, what is 1 - -2001?
2002
In base 13, what is 1033 + 3?
1036
In base 2, what is 10010100 - -11?
10010111
In base 11, what is 13 - 487?
-474
In base 14, what is 3 - -7c0?
7c3
In base 14, what is -28 + -3?
-2b
In base 9, what is 73 + -3?
70
In base 6, what is 34 - 2450?
-2412
In base 7, what is 0 + -4033?
-4033
In base 9, what is 0 + -62?
-62
In base 6, what is 52 + -13?
35
In base 5, what is -423302 - 2?
-423304
In base 5, what is -3 - 400?
-403
In base 10, what is -6 - -1053?
1047
In base 8, what is 34 - -23?
57
In base 15, what is 92 + -4?
8d
In base 11, what is 1 - 566?
-565
In base 2, what is 1010111001 + 11?
1010111100
In base 6, what is -12 + -2?
-14
In base 14, what is 0 - 23?
-23
In base 5, what is -404143 - 2?
-404200
In base 13, what is 1500 + 1?
1501
In base 5, what is 0 + 1003?
1003
In base 16, what is -d + 5?
-8
In base 12, what is -1 + -486?
-487
In base 6, what is -1 + -144?
-145
In base 9, what is 607 - 15?
582
In base 5, what is -1 - 13?
-14
In base 13, what is 224 + -2?
222
In base 12, what is -a + 388?
37a
In base 14, what is 0 + 3a?
3a
In base 14, what is 2 + -2?
0
In base 4, what is 100 + -10?
30
In base 4, what is 1121 - 3221?
-2100
In base 9, what is -4 + -5606?
-5611
In base 12, what is -138 + 57?
-a1
In base 5, what is 4 - -221?
230
In base 7, what is 1405 - -14?
1422
In base 5, what is -1 + -14124?
-14130
In base 11, what is -5 - -3262?
3258
In base 11, what is -3 + 80?
78
In base 10, what is -401 + 4?
-397
In base 16, what is 6 - 10?
-a
In base 8, what is 1131 - -4?
1135
In base 13, what is 281 - -4?
285
In base 6, what is 11 + -4?
3
In base 14, what is -12 + -8?
-1a
In base 10, what is -178 - 4?
-182
In base 10, what is -15 - 17?
-32
In base 7, what is -5 - -22?
14
In base 10, what is -1713 - -2?
-1711
In base 10, what is -1768 + 1?
-1767
In base 14, what is -8810 - -1?
-880d
In base 9, what is -2 - 5472?
-5474
In base 5, what is 2222 + -2?
2220
In base 10, what is 19623 + 3?
19626
In base 11, what is -3 - 33a?
-342
In base 6, what is 150342 + -5?
150333
In base 10, what is 37 + -21?
16
In base 5, what is 21424 + 2?
21431
In base 3, what is 22110000 + -2?
22102221
In base 9, what is 6 + -2584?
-2577
In base 9, what is 101 - 4?
86
In base 5, what is -4 - -432?
423
In base 8, what is 2750 - 0?
2750
In base 3, what is -2 + 101110?
101101
In base 4, what is -30132 + 20?
-30112
In base 7, what is 115 - -42?
160
In base 2, what is -1 + -1100110?
-1100111
In base 16, what is 1e - -7?
25
In base 7, what is 1201 + -4?
1164
In base 13, what is -1 + 3a?
39
In base 4, what is 22103 - 3?
22100
In base 10, what is 98 + -8?
90
In base 5, what is -2 - 14?
-21
In base 7, what is -2245 - 3?
-2251
In base 8, what is -200 - 5?
-205
In base 10, what is -8 + 3?
-5
In base 10, what is -138 - 51?
-189
In base 14, what is -5 - 2?
-7
In base 8, what is 5 + 111?
116
In base 8, what is 277 - 3?
274
In base 4, what is 130221 - -11?
130232
In base 9, what is -7 - -34?
26
In base 4, what is 2212 - 30?
2122
In base 14, what is -13 + -64?
-77
In base 14, what is 2 + 3?
5
In base 13, what is -2 - -4?
2
In base 6, what is 34 + -514?
-440
In base 16, what is 25 - 4?
21
In base 12, what is -2 + 63b?
639
In base 11, what is 16 - 191?
-176
In base 8, what is -27362 - -5?
-27355
In base 15, what is 451 - 4?
44c
In base 7, what is 236 + 23?
262
In base 15, what is 1155 - -4?
1159
In base 6, what is 2 + 44402?
44404
In base 12, what is -34 + -2?
-36
In base 2, what is -1011100 - 100?
-1100000
In base 8, what is -3 - 360?
-363
In base 9, what is 427 + -3?
424
In base 9, what is -110 - -211?
101
In base 7, what is 244 - -3?
250
In base 13, what is -138 - 0?
-138
In base 16, what is 3 - 0?
3
In base 6, what is -2 + -22533?
-22535
In base 9, what is 0 - 358?
-358
In base 3, what is -12 + -1101?
-1120
In base 5, what is -2 - 34?
-41
In base 4, what is 1111 + -21?
1030
In base 11, what is -67 + -8?
-74
In base 5, what is 401 - 2?
344
In base 15, what is 31e - 5?
319
In base 2, what is -100111101 - -100?
-100111001
In base 11, what is -217 + -2?
-219
In base 12, what is -4 - 2464?
-2468
In base 12, what is 3 + -514?
-511
In base 6, what is -50 + 33?
-13
In base 16, what is 17f - -27?
1a6
In base 9, what is 16 - -18?
35
In base 2, what is 0 + 1000110100?
1000110100
In base 12, what is 240 - 0?
240
In base 5, what is -232 - -1?
-231
In base 16, what is -3 - 47?
-4a
In base 16, what is -7 + c?
5
In base 5, what is -2404 + 20?
-2334
In base 9, what is -1718 - 4?
-1723
In base 5, what is -32012 - -10?
-32002
In base 15, what is -160 - 3?
-163
In base 10, what is -289 + 21?
-268
In base 12, what is 3 - -1a2?
1a5
In base 4, what is 0 - 131?
-131
In base 6, what is -5 + -3303?
-3312
In base 12, what is 1 + 17?
18
In base 9, what is 210 + 0?
210
In base 3, what is -12 + 1202?
1120
In base 7, what is -100 + -5?
-105
In base 13, what is 16 - 3?
13
In base 7, what is 4 + 2025?
2032
In base 9, what is 341 + -32?
308
In base 11, what is 1829 + -4?
1825
In base 2, what is 11 + -1001101101?
-1001101010
In base 3, what is 120212 + 212?
121201
In base 3, what is -102222002 - 0?
-102222002
In base 8, what is 137 + -10?
127
In base 10, what is -81 - -6?
-75
In base 15, what is -2 + bb?
b9
In base 14, what is -4 - -167?
163
In base 16, what is 5 - d5?
-d0
In base 5, what is -2 + 413?
411
In base 2, what is -111001100101 + -101?
-111001101010
In base 10, what is 681 - -11?
692
In base 3, what is -11110 - -1?
-11102
In base 7, what is 135 - -201?
336
In base 16, what is -2e + -6e?
-9c
In base 9, what is -11 - -3246?
3235
In base 7, what is -14456 + 3?
-14453
In base 3, what is 210 + 12?
222
In base 15, what is 139 - -8?
142
In base 12, what is 4 + -14?
-10
In base 13, what is 4 - -20?
24
In base 10, what is 3 - -380?
383
In base 16, what is 12 + 13